- b + 1. What is the tens digit of o(m)?
1
Suppose 5*r + 3*t = -18, -r - 6*t - 5 = -4*t. What is the units digit of 1 - (r + 4 + -2)?
2
Let r be 1 - -1*3/3. Let y = -11 - -14. Suppose 0 = r*n + y*n - 50. What is the units digit of n?
0
Let a(h) = 13*h - 3. Let z be a(2). Suppose 23 = 3*w - 0*w + 2*x, 0 = 4*w - 5*x - z. What is the units digit of w?
7
Let p = 220 + -94. Let h be 1/(-2) - p/(-4). Suppose 2*s - 7*s = -l - 25, -3*l = -4*s + h. What is the units digit of s?
4
What is the tens digit of 21/(2 - 3/6)?
1
Let k(n) = n - 3. Let y(g) = g. Let m(r) = k(r) - 3*y(r). Suppose -28 = 4*j - 4*a, 5*j + 4*a - 5 = -31. What is the units digit of m(j)?
9
Let f(m) = 31*m. What is the tens digit of f(1)?
3
Suppose h = -q - 4, 0*h + q = 2*h + 2. Let z = -2 - h. Suppose z*s - 20 = -2*s. What is the tens digit of s?
1
Let c(r) = -r**3 + 14*r - 3. What is the hundreds digit of c(-6)?
1
Suppose -5*y + 5*f - 25 = 0, -4*f = -y - 5*f + 5. Suppose -4*m + b + 5 = 0, -4*m + 7*m + 5*b = -25. Suppose -4*t + y*t + 32 = m. What is the units digit of t?
8
Let x(s) = -s**3 + 9*s**2 - 8*s + 5. What is the tens digit of x(7)?
4
Suppose 0*c = c - 2. Suppose c*y - 3 = y - 3*k, -5*y + 5*k + 95 = 0. What is the units digit of y?
5
Suppose -w = -4 + 2. Suppose -z - 22 = -w*z. Suppose 0 = -4*l + z + 14. What is the units digit of l?
9
Let q(k) = k**3 + 11*k**2 + 10*k - 22. What is the units digit of q(-9)?
0
Let f = 39 + -28. Suppose -170 = -f*z + 6*z. What is the units digit of z?
4
Let i = 121 - 49. Suppose -o - 2*o + i = 0. What is the tens digit of o?
2
Let n(z) = z**2 + 7*z - 2. Let v be n(-4). Let m be (-240)/(-42) - 4/v. What is the units digit of m*(-3)/(-2) + 1?
0
Suppose -8*i + 10*i - 372 = 0. What is the hundreds digit of i?
1
Suppose 15 = -5*q, -l = -q + 10 - 56. What is the units digit of l?
3
Suppose d - 33 = -2*d. What is the tens digit of d?
1
Let k(c) = -c**2 - 14*c + 12. Let v be 9/3 + 17/(-1). What is the units digit of k(v)?
2
Suppose 6 = -p + 4*p. Let k be (-13)/(-3) + p/(-6). Suppose k*o - 5 = 3. What is the units digit of o?
2
Let r be (-2 - -3)*-3*-1. Let c = r + -4. What is the units digit of (-2)/3*(-11 + c)?
8
Let k be ((-2)/4)/(3/(-12)). Let d be -5*((-2)/k)/1. Suppose 50 = d*i - 0*i. What is the tens digit of i?
1
Suppose g + 3*r - 4 = 0, 3*g + 3*r = -0*g + 12. What is the units digit of g?
4
What is the tens digit of 31 + 2/(2/3)?
3
Let f(h) = 2*h - 6. Let d be f(7). Let q(v) = 4*v + 2*v**2 + 10 + 2*v**3 - 11*v**2 + 4*v - v**3. What is the units digit of q(d)?
0
Suppose 2*t - 40 = 3*n + 1, t = -4*n + 4. Suppose q = 1 + 5. Let s = t - q. What is the units digit of s?
0
Let g = 7 - -35. What is the units digit of g?
2
Let w = 2 - 1. Let r be 0 + -2*w/(-1). Suppose 25 = 3*p + r*p. What is the units digit of p?
5
Suppose -3*u = -9*u + 150. What is the units digit of u?
5
Let m = -6 + -4. Let w = 20 + m. What is the tens digit of w?
1
Let r(h) = -h + 8. Let x be r(8). Let n be (x - -1)*2*-1. Let b = n + 21. What is the units digit of b?
9
Let j be 1*20/(-2)*-4. Suppose p - j = -3*p. What is the tens digit of p?
1
Let q be 216/22 + 2/11. Suppose -w = -3*w + q. What is the units digit of w?
5
Let o(f) = 2*f**3 - 10*f**2 + 13*f - 2. What is the units digit of o(6)?
8
What is the tens digit of -58*(-2)/4 + -4?
2
Let l(n) = -n**3 - 8*n**2 + 8*n - 3. Let u be l(-9). Suppose -19 = -5*y + u. Suppose 3*j - 20 + y = 0. What is the units digit of j?
5
Let w(g) be the first derivative of g**4/4 - 5*g**3/3 + 3*g**2/2 - g - 5. Suppose -q - 2 = -4, 3*l = 2*q + 11. What is the tens digit of w(l)?
1
Let g(a) = a**2 + 2*a - 19. What is the tens digit of g(9)?
8
Let v = -16 - -24. Let g(n) = n**2 - 8*n + 4. Let m be g(v). Suppose i - 2*j - 3 = -2, -4*j - 8 = -m*i. What is the units digit of i?
3
Let z(x) = -x**3 - x. Let o(a) = 6*a**3 - 11*a**2 + 13*a + 14. Let n(t) = -o(t) - 5*z(t). What is the units digit of n(10)?
6
Suppose 22 - 1 = -3*n. What is the units digit of n/((-28)/(-8)) - -4?
2
Suppose 0 = -7*s + 2*s + 40. Suppose 3*x + 10 = s*x. Suppose -4*o - 2*r = -5*r - 2, -2*r + x = -o. What is the units digit of o?
2
Let f = -3 + 5. Suppose f*j - 1 - 11 = 0. Let g(w) = w - 1. What is the units digit of g(j)?
5
Let p(o) = 8*o**2 - 4*o + 7. Let x be p(-5). Suppose 4*r - 81 = 2*r + 5*m, 4*r - x = -3*m. Let s = r + -36. What is the units digit of s?
7
Suppose 2 = 3*t - 88. What is the tens digit of t?
3
Let o(j) = 0*j + 4 + 0*j + j. Let x be o(-4). Suppose -l - l - 2 = 0, 3*g - l - 16 = x. What is the units digit of g?
5
Let a(k) = -k**2 + 12*k - 6. Let q = 12 + -2. What is the units digit of a(q)?
4
Let g = 17 - 80. Let p be ((-8)/(-6))/((-6)/g). Suppose 3*l + p - 35 = -2*q, 9 = 2*q - l. What is the units digit of q?
6
Let c = 28 - 20. What is the units digit of c?
8
Suppose 3*w = 53 + 349. What is the hundreds digit of w?
1
What is the hundreds digit of (-45 + 0)*(-736)/96?
3
Let o = -156 - -236. What is the tens digit of o?
8
Let x(m) = 8*m**2 + 3. What is the units digit of x(4)?
1
Let a(f) = -f**3 + 7*f**2 + 8. Suppose 0 = -2*k + 5 + 3. Suppose -5*y + 19 + 1 = -3*g, -1 = -3*y + k*g. What is the units digit of a(y)?
8
Let j(n) = n**2 + 10*n - 22. What is the units digit of j(-16)?
4
Let p = 7 + -6. What is the tens digit of (-2 + -9)/(-1)*p?
1
Suppose -2*k + 60 = 2*d, 3*d - 4*k = 10 + 52. What is the units digit of d?
6
Let b = -8 - -14. Let n = 5 - b. Let d = n - -13. What is the units digit of d?
2
Let x(v) = 20*v**2 - 1. What is the units digit of x(-2)?
9
Suppose 3*i = 5*i + 2. What is the units digit of 124/12 - i/(-3)?
0
Let z(n) = -n**2 - 7*n - 5. Let f be z(-5). Suppose -35 = -3*v - 4*x, 4*x + 7 = f*v + 2. Suppose -60 = -10*h + v*h. What is the units digit of h?
2
Let i(l) = -l**3 - 8*l**2 - 2*l + 9. Let c be i(-7). What is the tens digit of (c/8)/((-2)/8)?
1
Let t(r) = -r + 7. Let x be t(7). Let b(k) = k**2 - 4*k - 5. Let s be b(6). What is the units digit of (x + (-3 - -4))*s?
7
What is the units digit of (-4 + 10)*1/3?
2
Let w = 81 + -78. Suppose c + c = -2*r + 16, 0 = -4*r + 20. What is the units digit of (c + w/9)*3?
0
Suppose -347 = -5*n + 58. What is the units digit of n?
1
Let p = 15 + -8. Let t(c) = -c + 5. Let s be t(p). What is the tens digit of 24 + (2 - s)/(-2)?
2
Let n(v) = 4*v**2 - v - 3. What is the units digit of n(2)?
1
Let b = 9 - 0. What is the units digit of (0 - 1) + 1 + b?
9
Let s = -3 - -8. Suppose 2*p + 0*j - 3 = 3*j, -4*j + 6 = -p. Suppose -p*b + 4*v - 7 = -b, -2*v = s*b - 11. What is the units digit of b?
1
Suppose -2*t - t = 3*z - 54, -4*t + 104 = -4*z. What is the units digit of t?
2
Let j be 36/(-15)*140/(-6). Suppose -4*i + 24 = -j. What is the units digit of i*-3*4/(-30)?
8
Suppose 7 = -b + 2*b - p, 10 = -2*p. Let x(a) = 5*a + b - a - 1 - a. What is the units digit of x(1)?
4
Suppose -6*y = -3*y - 63. What is the units digit of y?
1
What is the tens digit of (-165)/6*(-8 + -2)?
7
Suppose 0 = d + 4*m - 57, -3*d = -8*d + m + 243. What is the units digit of d?
9
Let i = 8 + -6. What is the units digit of i?
2
Let k be (18/(-27))/(2/(-15)). Suppose k*n = 9*n - 136. What is the units digit of n?
4
Let w be 2*9 - (3 + -1). What is the units digit of -1*(2 + 0) + w?
4
Suppose 2*d + 5*a = 6*a + 9, 9 = -3*d - 3*a. Suppose 0 = -q + 3*q - d. Suppose 5*g - 26 = -q. What is the units digit of g?
5
Suppose 0 = -3*d + 2*d. Let r = 2 - d. Suppose r*k - 36 = 2*j, -3*j - 64 = -4*k - j. What is the tens digit of k?
1
Let x = -85 - -160. What is the tens digit of x?
7
Let d be 3/(-18) + (-103)/(-6). Suppose -2*i + 5 + 1 = 0, 0 = -b + 5*i - d. Let y = b - -8. What is the units digit of y?
6
Suppose -6*p + 3*p = -18. What is the units digit of p?
6
Let y(d) = d - 1. Let j(x) = -2*x - 19. Let c(t) = -j(t) - 3*y(t). What is the units digit of c(-9)?
1
What is the units digit of 1/(-2) + (138/4)/1?
4
Let n = 7 - 7. Suppose n*b = -4*b - 2*o + 14, -24 = -4*b - 4*o. What is the units digit of b?
1
Let r = 409 - 187. What is the hundreds digit of r?
2
Suppose 0 = 4*d + 4*a - 2*a - 100, 2*a = 5*d - 125. What is the tens digit of d?
2
Let n(t) = 2*t - 9. Let f be n(7). Let c(g) = 4*g - 3. Let u be c(3). Suppose f*o + 4*s = 53, 5*o + 5*s - u = 41. What is the tens digit of o?
1
Let z(a) = -21*a + 4. What is the units digit of z(-2)?
6
Let p(u) = 9 + 2 + u